{"id":10,"date":"2019-04-15T06:09:53","date_gmt":"2019-04-15T06:09:53","guid":{"rendered":"http:\/\/pus-gmbh.com\/?page_id=10"},"modified":"2019-04-15T06:30:19","modified_gmt":"2019-04-15T06:30:19","slug":"home","status":"publish","type":"page","link":"https:\/\/pus-gmbh.com\/","title":{"rendered":"Das Unternehmen"},"content":{"rendered":"<div style=\"clear:both\"><\/div>\n<div class=\"pus-text\">\n<p style=\"text-align:justify\">Wir, das Team der PUS GmbH, begleiten Bauma\u00dfnahmen im Bereich des Verkehrswegebaus (Eisenbahnbau). Im Jahre 1996 wurde die PUS GmbH in Berlin gegr\u00fcndet und seitdem haben wir uns kontinuierlich und best\u00e4ndig zu einem leistungsstarken und zuverl\u00e4ssigen Unternehmen entwickelt. Ein hoher Qualit\u00e4tsstand durch langj\u00e4hrig erworbenes Fachwissen, sowie st\u00e4ndige Weiterbildung ist f\u00fcr uns selbstverst\u00e4ndlich, dennoch bleibt gen\u00fcgend Raum f\u00fcr Individualit\u00e4t.<\/p>\n<\/div>\n<div style=\"clear:both\"><\/div>\n","protected":false},"excerpt":{"rendered":"<p>Wir, das Team der PUS GmbH, begleiten Bauma\u00dfnahmen im Bereich des Verkehrswegebaus (Eisenbahnbau). Im Jahre 1996 wurde die PUS GmbH in Berlin gegr\u00fcndet und seitdem haben wir uns kontinuierlich und best\u00e4ndig zu einem leistungsstarken und zuverl\u00e4ssigen Unternehmen entwickelt. Ein hoher Qualit\u00e4tsstand durch langj\u00e4hrig erworbenes Fachwissen, sowie st\u00e4ndige Weiterbildung ist f\u00fcr uns selbstverst\u00e4ndlich, dennoch bleibt gen\u00fcgend [&hellip;]<\/p>\n","protected":false},"author":1,"featured_media":0,"parent":0,"menu_order":1,"comment_status":"closed","ping_status":"closed","template":"","meta":{"footnotes":""},"class_list":["post-10","page","type-page","status-publish","hentry"],"_links":{"self":[{"href":"https:\/\/pus-gmbh.com\/index.php?rest_route=\/wp\/v2\/pages\/10","targetHints":{"allow":["GET"]}}],"collection":[{"href":"https:\/\/pus-gmbh.com\/index.php?rest_route=\/wp\/v2\/pages"}],"about":[{"href":"https:\/\/pus-gmbh.com\/index.php?rest_route=\/wp\/v2\/types\/page"}],"author":[{"embeddable":true,"href":"https:\/\/pus-gmbh.com\/index.php?rest_route=\/wp\/v2\/users\/1"}],"replies":[{"embeddable":true,"href":"https:\/\/pus-gmbh.com\/index.php?rest_route=%2Fwp%2Fv2%2Fcomments&post=10"}],"version-history":[{"count":2,"href":"https:\/\/pus-gmbh.com\/index.php?rest_route=\/wp\/v2\/pages\/10\/revisions"}],"predecessor-version":[{"id":515,"href":"https:\/\/pus-gmbh.com\/index.php?rest_route=\/wp\/v2\/pages\/10\/revisions\/515"}],"wp:attachment":[{"href":"https:\/\/pus-gmbh.com\/index.php?rest_route=%2Fwp%2Fv2%2Fmedia&parent=10"}],"curies":[{"name":"wp","href":"https:\/\/api.w.org\/{rel}","templated":true}]}}