{"id":495,"date":"2019-02-07T20:04:38","date_gmt":"2019-02-07T20:04:38","guid":{"rendered":"http:\/\/pus.nassenheide.info\/?page_id=29"},"modified":"2023-06-02T10:31:53","modified_gmt":"2023-06-02T10:31:53","slug":"impressum","status":"publish","type":"page","link":"https:\/\/pus-gmbh.com\/?page_id=495","title":{"rendered":"Impressum"},"content":{"rendered":"\n<div class=\"pus-text\">\n<h1>Impressum<\/h1>\n<hr \/>\n<div class=\"pus-text-1\">\n<p>PUS Projekt- und Servicegesellschaft mbH<br \/>Richterstra\u00dfe 13<br \/>12526 Berlin<br \/>Telefon: 030 \/ 55 49 28 40<br \/>Telefax: 030 \/ 55 48 73 26<br \/>E-Mail: <a href=\"mailto:info@pus-gmbh.de\">info@pus-gmbh.de<\/a><\/p>\n<p>Gesch\u00e4ftsf\u00fchrerin:<br \/>Dipl.-Ing. Petra Lenski <\/p>\n<ul>\n<li><a href=\"?page_id=49\">Datenschutzerkl\u00e4rung<\/a><\/li>\n<li><a href=\"?page_id=276\">Kontakt<\/a><\/li>\n<\/ul>\n<\/div>\n<div class=\"pus-text-2\">\n<p>Amtsgericht<br \/>Berlin &#8211; Charlottenburg<br \/>HRB-Nr.: 61324 <\/p>\n<p>Finanzamt f\u00fcr K\u00f6rperschaften II<br \/>Steuer-Nr.: 37\/480\/30934<\/p>\n<h4>Bankverbindung:<\/h4>\n<p>Deutsche Bank<br \/>Kto.: 02 57 253<br \/>BLZ: 100 700 00<br \/>IBAN: DE98100700000025725300<br \/>BIC (SWIFT): DEUT DE BBXXX <\/p>\n<\/div>\n<div style=\"clear:both\"><\/div>\n<hr \/>\n<h2>Haftungsausschluss<\/h2>\n<p>Die PUS GmbH \u00fcbernimmt keine Garantie daf\u00fcr, dass die auf dieser Website  bereitgestellten Informationen vollst\u00e4ndig, richtig und aktuell sind.  Trotz sorgf\u00e4ltiger Kontrolle \u00fcbernehmen wir keine Haftung f\u00fcr die  Inhalte externer Links. F\u00fcr die Inhalte der verlinkten Seiten sind  ausschlie\u00dflich deren Betreiber verantwortlich.<\/p>\n<h2>Copyright<\/h2>\n<p>Die Inhalte und die Strukturierung dieser Website sind urheberrechtlich  gesch\u00fctzt. Die Vervielf\u00e4ltigung von Informationen oder Daten,  insbesondere die Verwendung von Bildmaterial, bedarf der vorherigen  schriftlichen Zustimmung durch die PUS GmbH. <\/p>\n<\/div>\n","protected":false},"excerpt":{"rendered":"<p>Impressum PUS Projekt- und Servicegesellschaft mbHRichterstra\u00dfe 1312526 BerlinTelefon: 030 \/ 55 49 28 40Telefax: 030 \/ 55 48 73 26E-Mail: info@pus-gmbh.de Gesch\u00e4ftsf\u00fchrerin:Dipl.-Ing. Petra Lenski Datenschutzerkl\u00e4rung Kontakt AmtsgerichtBerlin &#8211; CharlottenburgHRB-Nr.: 61324 Finanzamt f\u00fcr K\u00f6rperschaften IISteuer-Nr.: 37\/480\/30934 Bankverbindung: Deutsche BankKto.: 02 57 253BLZ: 100 700 00IBAN: DE98100700000025725300BIC (SWIFT): DEUT DE BBXXX Haftungsausschluss Die PUS GmbH \u00fcbernimmt keine [&hellip;]<\/p>\n","protected":false},"author":1,"featured_media":0,"parent":0,"menu_order":0,"comment_status":"closed","ping_status":"closed","template":"","meta":{"footnotes":""},"class_list":["post-495","page","type-page","status-publish","hentry"],"_links":{"self":[{"href":"https:\/\/pus-gmbh.com\/index.php?rest_route=\/wp\/v2\/pages\/495","targetHints":{"allow":["GET"]}}],"collection":[{"href":"https:\/\/pus-gmbh.com\/index.php?rest_route=\/wp\/v2\/pages"}],"about":[{"href":"https:\/\/pus-gmbh.com\/index.php?rest_route=\/wp\/v2\/types\/page"}],"author":[{"embeddable":true,"href":"https:\/\/pus-gmbh.com\/index.php?rest_route=\/wp\/v2\/users\/1"}],"replies":[{"embeddable":true,"href":"https:\/\/pus-gmbh.com\/index.php?rest_route=%2Fwp%2Fv2%2Fcomments&post=495"}],"version-history":[{"count":2,"href":"https:\/\/pus-gmbh.com\/index.php?rest_route=\/wp\/v2\/pages\/495\/revisions"}],"predecessor-version":[{"id":599,"href":"https:\/\/pus-gmbh.com\/index.php?rest_route=\/wp\/v2\/pages\/495\/revisions\/599"}],"wp:attachment":[{"href":"https:\/\/pus-gmbh.com\/index.php?rest_route=%2Fwp%2Fv2%2Fmedia&parent=495"}],"curies":[{"name":"wp","href":"https:\/\/api.w.org\/{rel}","templated":true}]}}