{"id":76,"date":"2019-02-08T10:51:27","date_gmt":"2019-02-08T10:51:27","guid":{"rendered":"http:\/\/pus.nassenheide.info\/?page_id=76"},"modified":"2019-04-16T09:00:20","modified_gmt":"2019-04-16T09:00:20","slug":"bauueberwachung","status":"publish","type":"page","link":"https:\/\/pus-gmbh.com\/?page_id=76","title":{"rendered":"Bau\u00fcberwachung"},"content":{"rendered":"<div style=\"clear:both\"><\/div>\n<div class=\"pus-text\">\n<h1>Bau\u00fcberwachung<\/h1>\n<hr>\n<table class=\"bauueberwachung\">\n<tr>\n<td>\n<h4 style=\"text-align:left\">Tief- und Oberbau<\/h4>\n<\/td>\n<td>\n<h4 style=\"text-align:left\">Ingenieurbau<\/h4>\n<\/td>\n<\/tr>\n<tr>\n<td>\n<ul>\n<li>Spezialtiefbau<\/li>\n<li>Gleistiefbau<\/li>\n<li>Kabeltiefbau<\/li>\n<\/ul>\n<\/td>\n<td>\n<ul>\n<li>Br\u00fccken<\/li>\n<li>Durchl\u00e4sse<\/li>\n<li>Bahnsteigbau<\/li>\n<\/ul>\n<\/td>\n<\/tr>\n<\/table>\n<div class=\"pus-text-1\">\n<img decoding=\"async\" src=\"http:\/\/pus-gmbh.com\/wp-content\/uploads\/2019\/04\/010.jpg\" alt=\"\" \/><\/div>\n<div class=\"pus-text-2\">\n<img decoding=\"async\" src=\"http:\/\/pus-gmbh.com\/wp-content\/uploads\/2019\/02\/EUE004.jpg\" alt=\"\" \/><\/div>\n<div style=\"clear:both\"><\/div>\n<table class=\"bauueberwachung\">\n<tr>\n<td>\n<h4 style=\"text-align:left\">Elektrotechnik<\/h4>\n<\/td>\n<td>\n<h4 style=\"text-align:left\">Leit- und Sicherungstechnik<\/h4>\n<\/td>\n<\/tr>\n<tr>\n<td>\n<ul>\n<li>Oberleitung<\/li>\n<li>Stromschiene<\/li>\n<li>50 Hz Anlagen<\/li>\n<\/ul>\n<\/td>\n<td>\n<ul>\n<li>Signalanlagen<\/li>\n<li>ESTW-Technik<\/li>\n<li>Telekommunikation<\/li>\n<\/ul>\n<\/td>\n<\/tr>\n<\/table>\n<div class=\"pus-text-1\">\n<img decoding=\"async\" src=\"http:\/\/pus-gmbh.com\/wp-content\/uploads\/2019\/04\/011.jpg\" alt=\"\" \/>\n<\/div>\n<div class=\"pus-text-2\">\n<img decoding=\"async\" src=\"http:\/\/pus-gmbh.com\/wp-content\/uploads\/2019\/02\/DSC03480.jpg\" alt=\"\" \/>\n<\/div>\n<\/div>\n<div style=\"clear: both;\"><\/div>\n","protected":false},"excerpt":{"rendered":"<p>Bau\u00fcberwachung Tief- und Oberbau Ingenieurbau Spezialtiefbau Gleistiefbau Kabeltiefbau Br\u00fccken Durchl\u00e4sse Bahnsteigbau Elektrotechnik Leit- und Sicherungstechnik Oberleitung Stromschiene 50 Hz Anlagen Signalanlagen ESTW-Technik Telekommunikation<\/p>\n","protected":false},"author":1,"featured_media":0,"parent":0,"menu_order":0,"comment_status":"closed","ping_status":"closed","template":"","meta":{"footnotes":""},"class_list":["post-76","page","type-page","status-publish","hentry"],"_links":{"self":[{"href":"https:\/\/pus-gmbh.com\/index.php?rest_route=\/wp\/v2\/pages\/76","targetHints":{"allow":["GET"]}}],"collection":[{"href":"https:\/\/pus-gmbh.com\/index.php?rest_route=\/wp\/v2\/pages"}],"about":[{"href":"https:\/\/pus-gmbh.com\/index.php?rest_route=\/wp\/v2\/types\/page"}],"author":[{"embeddable":true,"href":"https:\/\/pus-gmbh.com\/index.php?rest_route=\/wp\/v2\/users\/1"}],"replies":[{"embeddable":true,"href":"https:\/\/pus-gmbh.com\/index.php?rest_route=%2Fwp%2Fv2%2Fcomments&post=76"}],"version-history":[{"count":3,"href":"https:\/\/pus-gmbh.com\/index.php?rest_route=\/wp\/v2\/pages\/76\/revisions"}],"predecessor-version":[{"id":532,"href":"https:\/\/pus-gmbh.com\/index.php?rest_route=\/wp\/v2\/pages\/76\/revisions\/532"}],"wp:attachment":[{"href":"https:\/\/pus-gmbh.com\/index.php?rest_route=%2Fwp%2Fv2%2Fmedia&parent=76"}],"curies":[{"name":"wp","href":"https:\/\/api.w.org\/{rel}","templated":true}]}}